inder when 17 is divided by h.
8
Suppose s - 4*n + 50 = 0, -3*s = -n + 162 - 45. Let w = 16 - s. What is the remainder when w is divided by 14?
12
Suppose -2*q - 5*h = 24 - 82, -4*q - 2*h + 84 = 0. What is the remainder when q is divided by 10?
9
Suppose -c = -3*p + 23, 3*p = 9 + 6. Let h be c*(27/(-6))/3. Suppose -5*n = -3*t + 22, 3*n - h = -0*n. Calculate the remainder when 27 is divided by t.
13
Let p(u) = u**2 + 6*u + 8. Calculate the remainder when 101 is divided by p(-9).
31
Let f = 160 - 106. What is the remainder when 268 is divided by f?
52
Let t be (-87)/27 - 12/(-54). Let p = t + 32. What is the remainder when p is divided by 15?
14
Let j = -43 + 54. Calculate the remainder when j is divided by 6.
5
Let d = 3 - -1. What is the remainder when d is divided by 1?
0
Suppose -235 + 77 = -f. Calculate the remainder when f/22 + (-4)/22 is divided by 2.
1
Suppose 180 = -51*l + 55*l. What is the remainder when l is divided by 25?
20
Suppose -35 = -5*v - 4*k, -v - 6 = 5*k + 8. Let m = 42 + -11. What is the remainder when m is divided by v?
9
Suppose 4*q = -z + 106, 18 = q - 5*z + 2. Calculate the remainder when q is divided by ((-40)/12)/(6/(-27)).
11
Suppose -5*q = -240 - 90. Let l = -11 + q. Let k = 15 - 1. What is the remainder when l is divided by k?
13
Calculate the remainder when (55/(-2))/(27/(-54)) is divided by 0 - 1*(-17 + -2).
17
Let p = -11 - -45. What is the remainder when p is divided by 9?
7
Suppose -6*d + 38 = -5*d. What is the remainder when d is divided by 14?
10
Let f(d) = -d - 13. Let x be f(-6). Let s = 10 + x. Calculate the remainder when 4 is divided by s.
1
Suppose 4*r + 2*w - 25 - 13 = 0, -5*r - 2*w = -47. Calculate the remainder when r is divided by 5.
4
Suppose k + w - 4*w = 38, -82 = -4*k - 2*w. What is the remainder when 66 is divided by k?
20
Suppose -2*c - 1 = -3*v, 0 = 5*c + 4*v - 32 - 0. What is the remainder when 7 is divided by c?
3
Suppose -1 = q - 7. Let j = 33 - q. Suppose 4*l + s = 51, l - 5*l = -2*s - 66. Calculate the remainder when j is divided by l.
13
Let u be (-1 - -143 - -2) + 0. Let c = -50 - 51. Let a = c + u. What is the remainder when a is divided by 15?
13
Suppose -4*x + 5*x - 15 = 0. What is the remainder when 24 is divided by x?
9
Suppose 78 - 9 = 3*h. Let k(w) = w**3 - 6*w**2 - 15*w. What is the remainder when h is divided by k(8)?
7
Let x(k) = 2*k - 2. Let g be x(3). Suppose 2 = -a + g. What is the remainder when a is divided by 1?
0
Suppose 5 = 4*k - 7. Let o(h) = h**2 + 5*h + 1. Let f(x) = x**3 - 2*x - 2. Let n be f(-2). Calculate the remainder when o(n) is divided by k.
1
Let s(x) = 2*x - 1. Let k be s(3). Suppose 35 = k*c - y, 2*y = 2*c + 5*y - 14. What is the remainder when 11 is divided by c?
4
Suppose -35*z + 1216 = -27*z. What is the remainder when z is divided by 11?
9
Let j(h) = -h**2 - 3*h + 4. Let d be j(-6). Calculate the remainder when 23 is divided by (-1)/2*(d + 2).
5
Suppose 7*k = 4*k + 5*g + 26, -5*k = -4*g - 26. Let s be (0 - (-2)/2) + -3. What is the remainder when (-2 - -3)/(s/(-4)) is divided by k?
0
Suppose 60 = -5*t + 10*t. What is the remainder when 46 is divided by t?
10
Let v(j) = -3*j**3 + 2*j**2 + 3*j - 4. Calculate the remainder when v(-3) is divided by 29.
28
Let u be (1 + -1)*-1*-1. Suppose -4*r - 2 + 10 = u. Suppose 3*j = -r*j + 10. What is the remainder when 7 is divided by j?
1
Suppose 54 = -m - m. Let g = -8 - m. What is the remainder when 55 is divided by g?
17
Suppose y = 2*h - 19, y + 2 + 8 = -h. Let w(p) = -p**2 - 15*p + 4. Let f be w(y). Suppose -f = -3*i + 27. Calculate the remainder when i is divided by 7.
5
Suppose -4*f = -3*f - 6. Suppose -2*m = m + f. Calculate the remainder when (52/(-8))/(1/m) is divided by 7.
6
Suppose -h - 3*h = 3*k + 35, k + 4*h = -17. Let n = k - -15. Suppose -38 = -4*l - n. Calculate the remainder when l is divided by 5.
3
Let f = -184 - -96. Let x = f + 133. Calculate the remainder when 13 is divided by (1/(-3))/((-3)/x).
3
Let b(d) be the third derivative of d**5/60 - 5*d**4/24 + d**3/6 + d**2. Calculate the remainder when b(-4) is divided by 13.
11
Let u = -33 + 67. Calculate the remainder when u is divided by 12.
10
Suppose 3*d + 2 = 4*d. Calculate the remainder when 23 is divided by (d - 3/(-3)) + 5.
7
Calculate the remainder when 33 is divided by (36/(-8))/(2/(-4)).
6
Suppose -d + 7 + 0 = 0. What is the remainder when 11 is divided by d?
4
Suppose 0 = -2*j - 43 + 17. Calculate the remainder when (2 + j/(-2))*2 is divided by 2/(0 - 2) + 7.
5
Let n be (0 - 3) + 6/2. Suppose p - 4*w + n*w = 18, -3*p - 11 = w. What is the remainder when (-42)/7*p/4 is divided by 2?
1
Let j(f) = f**2 + 8. Calculate the remainder when j(-7) is divided by 15.
12
Let f(w) = -w**2 - 7*w - 7. Let x be f(-5). Suppose i - 48 = x*i. Calculate the remainder when 22 is divided by i*((-6)/(-4) + -2).
10
Suppose 9*h - 28 = 5*h. Calculate the remainder when h is divided by 3.
1
Suppose 0 = -5*p + 41 + 19. Calculate the remainder when 45 is divided by p.
9
What is the remainder when 175/20 + 2/8 is divided by (-8)/(-6)*(-6)/(-2)?
1
Let g(i) = 14*i**2 + 20*i + 5. Let s(q) = -5*q**2 - 7*q - 2. Let f(x) = -4*g(x) - 11*s(x). What is the remainder when f(-2) is divided by 3/((4/2)/2)?
1
Calculate the remainder when 100/30 + (-2)/6 is divided by 2.
1
Suppose -8*i = -18*i + 380. Let u(h) = h**3 + 3*h**2 - 5*h - 2. Calculate the remainder when i is divided by u(-3).
12
Suppose 60 = 4*x + x. Suppose -4*h = 2*r + 6, -2*h + 4*h - 2*r - x = 0. Calculate the remainder when 4/(-2) + h*9 is divided by 3.
1
Let r(v) = 5*v**2 + v - 2. Let g be 34 - -2*6/(-4). Suppose -4*i + 3*i + g = 0. What is the remainder when i is divided by r(-2)?
15
Let x be 2 - (3*2)/3. Let r = 1 + x. Let z = 5 - r. What is the remainder when z is divided by 2?
0
Let r = -14 + 11. Let f = 6 + r. Suppose -3*a + 3 = -f. What is the remainder when 2 is divided by a?
0
Suppose 1 - 28 = -v. What is the remainder when 51 is divided by v?
24
Let q(p) = -p - 6. Let l be q(-6). Let k be 0 - l - 0/(-2). What is the remainder when 36 is divided by 2 - (17/(-1) + k)?
17
Let s = 29 + 1. What is the remainder when s is divided by 16?
14
Let i(f) = -f**3 + 4*f**2 + 2*f - 2. Let c be i(6). What is the remainder when (3/(-6))/(1/c) is divided by 10*1 - 2/(-2)?
9
Suppose 65 = 4*s + s. Let v = 9 + -9. What is the remainder when (-1)/(3/(-111) + v) is divided by s?
11
Suppose -5 = 2*i - 7. Calculate the remainder when 5 is divided by i.
0
Suppose -2*v = -133 + 15. What is the remainder when v is divided by 10?
9
Suppose -2*t = -g - 974, -5*g + 20 = -0*g. Suppose 4*j - j + t = 0. Let a = -111 - j. What is the remainder when a is divided by 18?
16
Let d = 20 - 7. Suppose 0*t = 3*o + 3*t - 159, 5*o - 238 = 4*t. What is the remainder when o is divided by d?
11
Let c = 2 - 5. Calculate the remainder when 22 is divided by 3 + c/(-6)*6.
4
Let b = 9 + 3. Let v = 26 + 19. Calculate the remainder when v is divided by b.
9
Let s(a) be the first derivative of 17*a**3/3 + a + 3. Calculate the remainder when s(-1) is divided by 5.
3
Suppose -10*v + 11*v - 13 = 0. Calculate the remainder when v is divided by 2.
1
Let v(j) = j**3 - j**2 - 5*j + 5. Calculate the remainder when v(5) is divided by 21.
17
Let x(b) = -2*b. Suppose 30 = 76*t - 71*t. What is the remainder when x(-6) is divided by t?
0
Let q(w) = 5*w**3 + w**2 + 3*w - 2. Calculate the remainder when q(2) is divided by 17.
14
Suppose 5*h = 7*h - 38. Calculate the remainder when 33 is divided by h.
14
Suppose -2*r + 0*r - 38 = -3*b, -3*r = -5*b + 62. Calculate the remainder when (2 + 38 + -2)/2 is divided by b.
9
Let t = 23 - -82. What is the remainder when ((-4)/6)/((-10)/t) is divided by 5?
2
Let m = -64 + 124. Calculate the remainder when m is divided by 9.
6
Suppose -5*k = 4*k - 783. What is the remainder when k is divided by 22?
21
Let s(n) = -n - 12. Calculate the remainder when 10 is divided by s(-18).
4
Let i = -4 + 6. Let z(q) = 11*q - 2. Suppose 5*f - 44 = f. What is the remainder when z(i) is divided by f?
9
Let q = -7 + 10. Suppose q*u - 35 = -2. Calculate the remainder when 41 is divided by u.
8
Let s = -1 + 1. Let n be (-2 + s - -3)*4. Calculate the remainder when 490/40 - 1/n is divided by 5.
2
Let u(c) = 5*c + 6. Let s be u(-7). Let q = -16 - s. What